{"id":14,"date":"2018-09-09T07:54:14","date_gmt":"2018-09-09T07:54:14","guid":{"rendered":"http:\/\/dennis-wolter.de\/?page_id=14"},"modified":"2024-03-04T22:58:25","modified_gmt":"2024-03-04T22:58:25","slug":"gesundheitstraining","status":"publish","type":"page","link":"http:\/\/dennis-wolter.de\/?page_id=14","title":{"rendered":"Gesundheitsworkshops"},"content":{"rendered":"<p><img loading=\"lazy\" decoding=\"async\" class=\"\" src=\"http:\/\/dennis-wolter.de\/wp-content\/uploads\/2019\/08\/DSC1548_DxO-199x300.jpg\" alt=\"\" width=\"239\" height=\"361\" \/><\/p>\n<p>Mitarbeiter*innen sind im Rahmen rasanter Ver\u00e4nderungsprozesse immer st\u00e4rker gefordert, nicht nur eine dauerhaft gute Leistung zu erbringen, sondern dabei auch gesund zu bleiben.<\/p>\n<p>Ich gestalte daher sehr gern Workshops und Impuls-Vortr\u00e4ge f\u00fcr Sie zu den Schwerpunkten&#8230;<\/p>\n<p>\u2713 Timeout statt Burnout<br \/>\n\u2713 Stresspr\u00e4vention<br \/>\n\u2713 Selbstmanagement<br \/>\n\u2713 Wertsch\u00e4tzung im Arbeitsleben<br \/>\n\u2713 Gesund f\u00fchren<br \/>\n\u2713 Gef\u00e4hrdungsanzeigen.<\/p>\n<p>Nach eingehender Auftragskl\u00e4rung wissen wir, wo Ihr Team oder Ihre Abteilung steht. Danach planen wir mit Ihnen den geeigneten Interventionsschritt. Wir sorgen f\u00fcr ein nachhaltiges Konzept, binden die zust\u00e4ndige F\u00fchrungskraft fr\u00fchzeitig ein und moderieren Ihren Workshop ressourcen- und zielorientiert.<\/p>\n","protected":false},"excerpt":{"rendered":"<p>Mitarbeiter*innen sind im Rahmen rasanter Ver\u00e4nderungsprozesse immer st\u00e4rker gefordert, nicht nur eine dauerhaft gute Leistung zu erbringen, sondern dabei auch gesund zu bleiben. Ich gestalte daher sehr gern Workshops und Impuls-Vortr\u00e4ge f\u00fcr Sie zu den Schwerpunkten&#8230; \u2713 Timeout statt Burnout \u2713 Stresspr\u00e4vention \u2713 Selbstmanagement \u2713 Wertsch\u00e4tzung im Arbeitsleben \u2713 Gesund f\u00fchren \u2713 Gef\u00e4hrdungsanzeigen. Nach eingehender Auftragskl\u00e4rung wissen wir, wo Ihr<\/p>\n<p><a class=\"more-link\" href=\"http:\/\/dennis-wolter.de\/?page_id=14\">Weiterlesen<\/a><\/p>\n","protected":false},"author":1,"featured_media":0,"parent":0,"menu_order":0,"comment_status":"closed","ping_status":"closed","template":"","meta":{"_monsterinsights_skip_tracking":false,"_monsterinsights_sitenote_active":false,"_monsterinsights_sitenote_note":"","_monsterinsights_sitenote_category":0,"footnotes":""},"class_list":["post-14","page","type-page","status-publish","hentry"],"_links":{"self":[{"href":"http:\/\/dennis-wolter.de\/index.php?rest_route=\/wp\/v2\/pages\/14","targetHints":{"allow":["GET"]}}],"collection":[{"href":"http:\/\/dennis-wolter.de\/index.php?rest_route=\/wp\/v2\/pages"}],"about":[{"href":"http:\/\/dennis-wolter.de\/index.php?rest_route=\/wp\/v2\/types\/page"}],"author":[{"embeddable":true,"href":"http:\/\/dennis-wolter.de\/index.php?rest_route=\/wp\/v2\/users\/1"}],"replies":[{"embeddable":true,"href":"http:\/\/dennis-wolter.de\/index.php?rest_route=%2Fwp%2Fv2%2Fcomments&post=14"}],"version-history":[{"count":16,"href":"http:\/\/dennis-wolter.de\/index.php?rest_route=\/wp\/v2\/pages\/14\/revisions"}],"predecessor-version":[{"id":300,"href":"http:\/\/dennis-wolter.de\/index.php?rest_route=\/wp\/v2\/pages\/14\/revisions\/300"}],"wp:attachment":[{"href":"http:\/\/dennis-wolter.de\/index.php?rest_route=%2Fwp%2Fv2%2Fmedia&parent=14"}],"curies":[{"name":"wp","href":"https:\/\/api.w.org\/{rel}","templated":true}]}}