{"id":45,"date":"2018-09-20T07:48:32","date_gmt":"2018-09-20T07:48:32","guid":{"rendered":"http:\/\/dennis-wolter.de\/?page_id=45"},"modified":"2025-07-22T12:27:51","modified_gmt":"2025-07-22T12:27:51","slug":"ueber-mich","status":"publish","type":"page","link":"http:\/\/dennis-wolter.de\/?page_id=45","title":{"rendered":"\u00dcber mich"},"content":{"rendered":"<p><b>Mein Name&#8230;<img loading=\"lazy\" decoding=\"async\" src=\"http:\/\/dennis-wolter.de\/wp-content\/uploads\/2019\/08\/DSC1811_DxO-199x300.jpg\" alt=\"\" width=\"199\" height=\"300\" \/><br \/><\/b>&#8230; ist Dennis Wolter, geboren 1975 in Braunschweig.<\/p>\n<p><strong>Ich bin&#8230;<\/strong><br \/>&#8230; leidenschaftlicher Genie\u00dfer, Naturfreund, Sportler, Gesellschaftsspieler und Familienvater. Berufliche Informationen \u00fcber mich erhalten Sie <a href=\"http:\/\/dennis-wolter.de\/wp-content\/uploads\/2024\/06\/Kurzprofil-Dennis-Wolter-2024.pdf\">hier<\/a>.<\/p>\n<p><b>Mein besonderes Interesse gilt&#8230;<br \/><\/b>&#8230; der St\u00e4rkung der pers\u00f6nlichen Ressourcen und der Selbstbestimmtheit jedes einzelnen Menschen als wichtigste F\u00e4higkeit in einer sich st\u00e4ndig wandelnden Lebens- und Arbeitswelt und als Voraussetzung f\u00fcr k\u00f6rperliches und geistiges Wohlbefinden sowie f\u00fcr einen achtsamen Umgang mit sich selbst, seinen Mitmenschen und der Natur.<\/p>\n<p><b>Mich zeichnet aus&#8230;<br \/><\/b>&#8230; ein stets freundliches und offenes Auftreten, ein vorurteilsablehnendes, respektvolles und aufgeschlossenes Zugehen auf Menschen sowie eine reflektierte Auseinandersetzung mit der jeweiligen Situation.<\/p>\n<p><b>Ich w\u00fcrde mich freuen&#8230;<br \/><\/b>&#8230; \u00fcber einen pers\u00f6nlichen Kontakt zu Ihnen.<\/p>\n\n\n<p><\/p>\n","protected":false},"excerpt":{"rendered":"<p>Mein Name&#8230;&#8230; ist Dennis Wolter, geboren 1975 in Braunschweig. Ich bin&#8230;&#8230; leidenschaftlicher Genie\u00dfer, Naturfreund, Sportler, Gesellschaftsspieler und Familienvater. Berufliche Informationen \u00fcber mich erhalten Sie hier. Mein besonderes Interesse gilt&#8230;&#8230; der St\u00e4rkung der pers\u00f6nlichen Ressourcen und der Selbstbestimmtheit jedes einzelnen Menschen als wichtigste F\u00e4higkeit in einer sich st\u00e4ndig wandelnden Lebens- und Arbeitswelt und als Voraussetzung f\u00fcr k\u00f6rperliches und geistiges Wohlbefinden sowie<\/p>\n<p><a class=\"more-link\" href=\"http:\/\/dennis-wolter.de\/?page_id=45\">Weiterlesen<\/a><\/p>\n","protected":false},"author":1,"featured_media":0,"parent":0,"menu_order":0,"comment_status":"closed","ping_status":"closed","template":"","meta":{"_monsterinsights_skip_tracking":false,"_monsterinsights_sitenote_active":false,"_monsterinsights_sitenote_note":"","_monsterinsights_sitenote_category":0,"footnotes":""},"class_list":["post-45","page","type-page","status-publish","hentry"],"_links":{"self":[{"href":"http:\/\/dennis-wolter.de\/index.php?rest_route=\/wp\/v2\/pages\/45","targetHints":{"allow":["GET"]}}],"collection":[{"href":"http:\/\/dennis-wolter.de\/index.php?rest_route=\/wp\/v2\/pages"}],"about":[{"href":"http:\/\/dennis-wolter.de\/index.php?rest_route=\/wp\/v2\/types\/page"}],"author":[{"embeddable":true,"href":"http:\/\/dennis-wolter.de\/index.php?rest_route=\/wp\/v2\/users\/1"}],"replies":[{"embeddable":true,"href":"http:\/\/dennis-wolter.de\/index.php?rest_route=%2Fwp%2Fv2%2Fcomments&post=45"}],"version-history":[{"count":21,"href":"http:\/\/dennis-wolter.de\/index.php?rest_route=\/wp\/v2\/pages\/45\/revisions"}],"predecessor-version":[{"id":342,"href":"http:\/\/dennis-wolter.de\/index.php?rest_route=\/wp\/v2\/pages\/45\/revisions\/342"}],"wp:attachment":[{"href":"http:\/\/dennis-wolter.de\/index.php?rest_route=%2Fwp%2Fv2%2Fmedia&parent=45"}],"curies":[{"name":"wp","href":"https:\/\/api.w.org\/{rel}","templated":true}]}}